d millions digit of 2443919292?
4
What is the tens digit of 108359805?
0
What is the tens digit of 23098038?
3
What is the millions digit of 2335519808?
5
What is the units digit of 522738?
8
What is the thousands digit of 37157741?
7
What is the ten millions digit of 158278871?
5
What is the units digit of 69149433?
3
What is the ten millions digit of 31045560?
3
What is the hundred millions digit of 1711515753?
7
What is the thousands digit of 454319497?
9
What is the hundreds digit of 1813353060?
0
What is the units digit of 5370951?
1
What is the ten thousands digit of 212625662?
2
What is the hundred millions digit of 732919657?
7
What is the millions digit of 29334498?
9
What is the hundreds digit of 98728529?
5
What is the hundred thousands digit of 174504367?
5
What is the hundreds digit of 434491483?
4
What is the ten millions digit of 1068337249?
6
What is the ten thousands digit of 766155963?
5
What is the ten millions digit of 41713116?
4
What is the ten thousands digit of 58993824?
9
What is the hundred thousands digit of 17869119?
8
What is the ten millions digit of 466520326?
6
What is the hundreds digit of 123204005?
0
What is the millions digit of 18418031?
8
What is the hundred thousands digit of 31060952?
0
What is the ten millions digit of 115515297?
1
What is the ten millions digit of 111586829?
1
What is the hundred thousands digit of 38711161?
7
What is the hundred millions digit of 399366341?
3
What is the ten millions digit of 1122516970?
2
What is the tens digit of 2061683132?
3
What is the hundred thousands digit of 1428356462?
3
What is the hundred thousands digit of 651917224?
9
What is the hundred thousands digit of 6752433408?
4
What is the hundred millions digit of 1549409024?
5
What is the ten thousands digit of 5061575347?
7
What is the units digit of 74079534?
4
What is the millions digit of 124627608?
4
What is the hundreds digit of 648939749?
7
What is the thousands digit of 916895575?
5
What is the millions digit of 57567859?
7
What is the hundreds digit of 108456523?
5
What is the thousands digit of 1105196309?
6
What is the tens digit of 1622114290?
9
What is the ten thousands digit of 118564512?
6
What is the ten thousands digit of 2562083?
6
What is the thousands digit of 14628553?
8
What is the hundreds digit of 192840879?
8
What is the ten thousands digit of 73737584?
3
What is the ten thousands digit of 4295815357?
1
What is the units digit of 329683237?
7
What is the billions digit of 4183786596?
4
What is the tens digit of 491898919?
1
What is the ten thousands digit of 85730050?
3
What is the hundred thousands digit of 337141244?
1
What is the ten thousands digit of 5865122196?
2
What is the units digit of 71886234?
4
What is the units digit of 240486406?
6
What is the tens digit of 451862312?
1
What is the thousands digit of 164804384?
4
What is the hundreds digit of 1006762321?
3
What is the hundred millions digit of 659895709?
6
What is the units digit of 24324212?
2
What is the ten thousands digit of 2636585310?
8
What is the hundred thousands digit of 287248106?
2
What is the units digit of 497669449?
9
What is the hundred millions digit of 142055520?
1
What is the hundreds digit of 45496745?
7
What is the hundreds digit of 1229982870?
8
What is the hundred millions digit of 166368574?
1
What is the hundred millions digit of 382846519?
3
What is the tens digit of 62523599?
9
What is the thousands digit of 281433232?
3
What is the tens digit of 37148452?
5
What is the ten thousands digit of 1068553350?
5
What is the ten thousands digit of 19200705?
0
What is the tens digit of 723473540?
4
What is the hundreds digit of 525791310?
3
What is the units digit of 74431380?
0
What is the ten millions digit of 242420468?
4
What is the hundreds digit of 139370483?
4
What is the hundred thousands digit of 652910635?
9
What is the millions digit of 471172286?
1
What is the ten millions digit of 1080444470?
8
What is the hundreds digit of 197998810?
8
What is the millions digit of 1606807635?
6
What is the thousands digit of 2730316575?
6
What is the millions digit of 330829145?
0
What is the billions digit of 1970802575?
1
What is the millions digit of 3759961068?
9
What is the units digit of 13276924?
4
What is the hundred thousands digit of 42260969?
2
What is the ten thousands digit of 51864488?
6
What is the tens digit of 100587382?
8
What is the units digit of 64405291?
1
What is the ten thousands digit of 118604002?
0
What is the thousands digit of 605237652?
7
What is the hundreds digit of 31336715?
7
What is the hundred millions digit of 619593080?
6
What is the hundred thousands digit of 3222871?
2
What is the ten thousands digit of 46377439?
7
What is the hundred millions digit of 406831901?
4
What is the ten millions digit of 10905306?
1
What is the ten millions digit of 733836129?
3
What is the hundreds digit of 766280322?
3
What is the hundred thousands digit of 65864747?
8
What is the hundred thousands digit of 123188608?
1
What is the tens digit of 57411087?
8
What is the thousands digit of 1259926147?
6
What is the ten thousands digit of 498681827?
8
What is the hundreds digit of 40537898?
8
What is the thousands digit of 2486991121?
1
What is the ten millions digit of 40051781?
4
What is the ten millions digit of 1791254559?
9
What is the units digit of 31395889?
9
What is the ten millions digit of 6649871341?
4
What is the hundred millions digit of 2162855448?
1
What is the hundreds digit of 162863372?
3
What is the units digit of 96465640?
0
What is the hundreds digit of 17610299?
2
What is the ten thousands digit of 437977528?
7
What is the hundreds digit of 93729354?
3
What is the hundreds digit of 2396756105?
1
What is the millions digit of 710081881?
0
What is the thousands digit of 542487215?
7
What is the thousands digit of 121090498?
0
What is the units digit of 1158049106?
6
What is the ten thousands digit of 36900450?
0
What is the ten millions digit of 125900652?
2
What is the units digit of 35537929?
9
What is the ten thousands digit of 129964524?
6
What is the ten millions digit of 3591407132?
9
What is the hundred thousands digit of 49144932?
1
What is the hundreds digit of 44976652?
6
What is the ten thousands digit of 490521?
9
What is the hundreds digit of 69094558?
5
What is the hundred thousands digit of 68800294?
8
What is the tens digit of 95611472?
7
What is the units digit of 27480528?
8
What is the tens digit of 118850926?
2
What is the billions digit of 1436460091?
1
What is the ten thousands digit of 8425006117?
0
What is the ten millions digit of 1714166659?
1
What is the tens digit of 476065415?
1
What is the millions digit of 2395116584?
5
What is the ten thousands digit of 4057627533?
2
What is the units digit of 78215423?
3
What is the ten millions digit of 6605630028?
0
What is the thousands digit of 11499394?
9
What is the ten millions digit of 85561752?
8
What is the hundred thousands digit of 511423491?
4
What is the ten millions digit of 160198058?
6
What is the units digit of 1976921126?
6
What is the ten millions digit of 166141055?
6
What is the tens digit of 2783347474?
7
What is the tens digit of 115371944?
4
What is the thousands digit of 4344567407?
7
What is the units digit of 1913909273?
3
What is the hundred thousands digit of 306179806?
1
What is the ten millions digit of 128554922?
2
What is the hundreds digit of 683162101?
1
What is the units digit of 409842430?
0
What is the ten thousands digit of 1525789304?
8
What is the thousands digit of 156449680?
9
What is the ten millions digit of 40865993?
4
What is the ten thousands digit of 383556640?
5
What is the millions digit of 1861207842?
1
What is the millions digit of 182941131?
2
What is the millions digit of 131165512?
1
What is the millions digit of 142016652?
2
What is the thousands digit of 1507178865?
8
What is the millions digit of 337047736?
7
What is the hundreds digit of 1391669185?
1
What is the hundred millions digit of 299737643?
2
What is the thousands digit of 134901041?
1
What is the tens digit of 2277399081?
8
What is the ten millions digit of 2107570068?
0
What is the hundred thousands digit of 3078770?
0
What is the tens digit of 917153258?
5
What is the million